{"version":"1.0","provider_name":"Az \u00c9bred\u0151 F\u00e9nyek Temploma","provider_url":"https:\/\/feketetoll.cafeblog.hu","author_name":"Szab\u00f3 K\u00e1roly","author_url":"https:\/\/feketetoll.cafeblog.hu\/author\/sirack1966gmail-com\/","title":"Rajzol\u00f3 k\u00e9z","html":"<p dir=\"ltr\">Be kell vallanom Testv\u00e9reim, hogy az elm\u00falt telek sor\u00e1n elfelejtettem \u00dcl\u0151 Bik\u00e1t.\r\nElfelejtettem b\u00f6lcsess\u00e9g\u00e9t, elfelejtettem erej\u00e9t, elfelejtettem b\u00e1tors\u00e1g\u00e1t.\r\nElfelejtettem gy\u0151zelmeit, elfelejtettem hal\u00e1lait.<\/p>\r\n<p dir=\"ltr\">Ha Rajzol\u00f3 K\u00e9z testv\u00e9rem nem eml\u00e9keztet R\u00e1, szeg\u00e9nyebb lenn\u00e9k egy t\u00f6rt\u00e9nettel.<\/p>\r\n<p dir=\"ltr\">De Rajzol\u00f3 K\u00e9z nekem adta egyik kincs\u00e9t: a k\u00e9pet, amit \u0151 rajzolt \u00dcl\u0151 Bik\u00e1r\u00f3l.<\/p>\r\n<p dir=\"ltr\">Tisztelet mindkett\u0151j\u00fcknek!<\/p>\r\n<p dir=\"ltr\">\u00dcl\u0151 Bika. Nagy var\u00e1zsl\u00f3 \u00e9s nagy f\u0151n\u00f6k. Legy\u0151zte Custert, \u00edgy azt\u00e1n eg\u00e9sz n\u00e9p\u00e9vel menek\u00fclnie kellett.\r\nSok t\u00e9len \u00e1t vezette szi\u00fa testv\u00e9reinket, m\u00edg v\u00e9g\u00fcl meg\u00f6lt\u00e9k a s\u00e1padtarc\u00faak.<\/p>\r\n<p dir=\"ltr\">Igaza volt: a sas nem \u00e9lhet \u00fagy, mint egy varj\u00fa.\r\nLegyetek sasokk\u00e1, sz\u00e1rnyaljatok!<\/p>\r\n<p dir=\"ltr\">K\u00f6sz\u00f6n\u00f6m Neked, Rajzol\u00f3 K\u00e9z Testv\u00e9rem.\r\nNagy aj\u00e1nd\u00e9kot adt\u00e1l nekem!<\/p>\r\n\r\n<div><a href=\"http:\/\/lh4.ggpht.com\/-xmJzPVYPkTE\/UtgDG23k-QI\/AAAAAAAABfM\/s1600\/IMG_127006071411473.jpeg\"> <img alt=\"\" src=\"https:\/\/feketetoll.cafeblog.hu\/files\/2013\/09\/IMG_1270060714114731.jpeg\" border=\"0\" \/><\/a><\/div>","type":"rich","thumbnail_url":"https:\/\/feketetoll.cafeblog.hu\/files\/2013\/09\/IMG_1270060714114731-150x150.jpeg","thumbnail_width":150,"thumbnail_height":150}

Az Ébredő Fények Temploma

Szabó Károly

Rajzoló kéz

<p dir="ltr">Be kell vallanom Testvéreim, hogy az elmúlt telek során elfelejtettem Ülő Bikát.
Elfelejtettem bölcsességét, elfelejtettem erejét, elfelejtettem bátorságát.
Elfelejtettem győzelmeit, elfelejtettem halálait.</p>
<p dir="ltr">Ha Rajzoló Kéz testvérem nem emlékeztet Rá, szegényebb lennék egy történettel.</p>
<p dir="ltr">De Rajzoló Kéz nekem adta egyik kincsét: a képet, amit ő rajzolt Ülő Bikáról.</p>
<p dir="ltr">Tisztelet mindkettőjüknek!</p>
<p dir="ltr">Ülő Bika. Nagy varázsló és nagy főnök. Legyőzte Custert, így aztán egész népével menekülnie kellett.
Sok télen át vezette sziú testvéreinket, míg végül megölték a sápadtarcúak.</p>
<p dir="ltr">Igaza volt: a sas nem élhet úgy, mint egy varjú.
Legyetek sasokká, szárnyaljatok!</p>
<p dir="ltr">Köszönöm Neked, Rajzoló Kéz Testvérem.
Nagy ajándékot adtál nekem!</p>

<div><a href="http://lh4.ggpht.com/-xmJzPVYPkTE/UtgDG23k-QI/AAAAAAAABfM/s1600/IMG_127006071411473.jpeg"> <img alt="" src="https://feketetoll.cafeblog.hu/files/2013/09/IMG_1270060714114731.jpeg" border="0" /></a></div>
