{"version":"1.0","provider_name":"Az \u00c9bred\u0151 F\u00e9nyek Temploma","provider_url":"https:\/\/feketetoll.cafeblog.hu","author_name":"Szab\u00f3 K\u00e1roly","author_url":"https:\/\/feketetoll.cafeblog.hu\/author\/sirack1966gmail-com\/","title":"\u00d3voda","html":"<p dir=\"ltr\">Az \u00f3v\u00f3 n\u00e9ni nem az\u00e9rt \u00fcl le a gyerekek k\u00f6z\u00e9, hogy olyann\u00e1 v\u00e1ljon, mint \u0151k.<br \/> Az\u00e9rt \u00fcl le k\u00f6z\u00e9j\u00fck, hogy \u0151k l\u00e1ss\u00e1k, milyenn\u00e9 kell v\u00e1lniuk.<\/p>\r\n<p dir=\"ltr\">\u00a0<\/p>\r\n<p dir=\"ltr\"><a href=\"https:\/\/feketetoll.cafeblog.hu\/files\/2015\/04\/micimacko.jpg\"><img class=\"aligncenter size-full wp-image-2357\" src=\"https:\/\/feketetoll.cafeblog.hu\/files\/2015\/04\/micimacko.jpg\" alt=\"micimacko\" width=\"210\" height=\"273\" \/><\/a><\/p>","type":"rich","thumbnail_url":"https:\/\/feketetoll.cafeblog.hu\/files\/2013\/12\/IMG_227488680633524-150x150.jpeg","thumbnail_width":150,"thumbnail_height":150}

Az Ébredő Fények Temploma

Szabó Károly

Óvoda

<p dir="ltr">Az óvó néni nem azért ül le a gyerekek közé, hogy olyanná váljon, mint ők.<br /> Azért ül le közéjük, hogy ők lássák, milyenné kell válniuk.</p>
<p dir="ltr"> </p>
<p dir="ltr"><a href="https://feketetoll.cafeblog.hu/files/2015/04/micimacko.jpg"><img class="aligncenter size-full wp-image-2357" src="https://feketetoll.cafeblog.hu/files/2015/04/micimacko.jpg" alt="micimacko" width="210" height="273" /></a></p>
