{"version":"1.0","provider_name":"Az \u00c9bred\u0151 F\u00e9nyek Temploma","provider_url":"https:\/\/feketetoll.cafeblog.hu","author_name":"Szab\u00f3 K\u00e1roly","author_url":"https:\/\/feketetoll.cafeblog.hu\/author\/sirack1966gmail-com\/","title":"A d\u00e9mon szeme","html":"<p dir=\"ltr\">Versment\u00e9s - A d\u00e9mon szeme<\/p>\r\n<p dir=\"ltr\">Meghalt egy gyermek\r\nMeghalt, ki hitte, hogy az \u00e1lmok\r\nMegfoszthatj\u00e1k a val\u00f3s\u00e1got\r\nFekete arcait\u00f3l\r\nElhitte azt, hogy a szavak\r\nCsillagokig \u00e9rnek\r\nHitte, hogy a g\u00e9p robaj\u00e1t\r\nElfojtja az \u00e9nek<\/p>\r\n<p dir=\"ltr\">\u00c9s most halott\r\nSz\u00e9tporlad\u00f3 test\u00e9t savas es\u0151\r\nM\u00e1zolja szobrokra, falakra\r\nSzavait \u00f6rj\u00f6ng\u0151 sasok sz\u00f3rj\u00e1k\r\nSz\u00e9t a megvadult sz\u00e9lbe\r\nEgy mag\u00e1nyos s\u00f3lyom az \u00e9jjel sikoltva\r\nKifacsart sz\u00edv\u00e9t ragadja az \u00e9gre\r\nT\u00e9bolyult szikl\u00e1kon megfagyott a v\u00e9re<\/p>\r\n<p dir=\"ltr\">Egy gyermek meghalt bennem\r\nAz Id\u0151 lop\u00f3dzva, l\u00e1thatatlanul\r\nNyak\u00e1ba v\u00e1gta az \u00e9let szigony\u00e1t\r\n\u00dcvegg\u00e9g\u00e9je roppant\r\nS \u00e9n majdnem elkis\u00e9rtem \u0151t oda\r\nHol v\u00e9res darazsak \u0151rzik a csendet\r\nS fekete f\u00e9nyben f\u00fcrdik a hal\u00e1l\r\nDe engem kiz\u00e1rt e gy\u00f6ny\u00f6r t\u00e1j<\/p>\r\n<p dir=\"ltr\">Sz\u00edv n\u00e9lk\u00fcl maradtam, lelkem\r\nAc\u00e9ll\u00e1 kalap\u00e1lta m\u00e1r a f\u00e1jdalom\r\nMagam vagyok a G\u00e9p\r\nKi elj\u00f6tt, hogy \u00edt\u00e9letet mondjon\r\nE nyomorult anyagi vil\u00e1g felett\r\nA d\u00e9mon szeme vagyok\r\nKi arra sz\u00fcletett\r\nHogy sz\u00e9tz\u00fazza az \u00fcvegcseppeket<\/p>\r\n<p dir=\"ltr\">Robban bennem az energia\r\nAtomjaim f\u00e9nytelen b\u00f6rt\u00f6n\u00e9ben\r\nRemegve lapul a vil\u00e1g\r\nMely elpuszt\u00edt engem\r\nSaj\u00e1t arcomat temetem\r\nHullanak r\u00e1m a hideg r\u00f6g\u00f6k\r\nL\u00e9zerfogakkal t\u00e9pem a h\u00fasom\r\n\u00c9rzem, hogy valakit meg\u00f6l\u00f6k!<\/p>","type":"rich","thumbnail_url":"https:\/\/feketetoll.cafeblog.hu\/files\/2014\/02\/IMG_325044359741305-148x150.jpeg","thumbnail_width":148,"thumbnail_height":150}

Az Ébredő Fények Temploma

Szabó Károly

A démon szeme

<p dir="ltr">Versmentés - A démon szeme</p>
<p dir="ltr">Meghalt egy gyermek
Meghalt, ki hitte, hogy az álmok
Megfoszthatják a valóságot
Fekete arcaitól
Elhitte azt, hogy a szavak
Csillagokig érnek
Hitte, hogy a gép robaját
Elfojtja az ének</p>
<p dir="ltr">És most halott
Szétporladó testét savas eső
Mázolja szobrokra, falakra
Szavait örjöngő sasok szórják
Szét a megvadult szélbe
Egy magányos sólyom az éjjel sikoltva
Kifacsart szívét ragadja az égre
Tébolyult sziklákon megfagyott a vére</p>
<p dir="ltr">Egy gyermek meghalt bennem
Az Idő lopódzva, láthatatlanul
Nyakába vágta az élet szigonyát
Üveggégéje roppant
S én majdnem elkisértem őt oda
Hol véres darazsak őrzik a csendet
S fekete fényben fürdik a halál
De engem kizárt e gyönyör táj</p>
<p dir="ltr">Szív nélkül maradtam, lelkem
Acéllá kalapálta már a fájdalom
Magam vagyok a Gép
Ki eljött, hogy ítéletet mondjon
E nyomorult anyagi világ felett
A démon szeme vagyok
Ki arra született
Hogy szétzúzza az üvegcseppeket</p>
<p dir="ltr">Robban bennem az energia
Atomjaim fénytelen börtönében
Remegve lapul a világ
Mely elpusztít engem
Saját arcomat temetem
Hullanak rám a hideg rögök
Lézerfogakkal tépem a húsom
Érzem, hogy valakit megölök!</p>
