{"version":"1.0","provider_name":"Az \u00c9bred\u0151 F\u00e9nyek Temploma","provider_url":"https:\/\/feketetoll.cafeblog.hu","author_name":"Szab\u00f3 K\u00e1roly","author_url":"https:\/\/feketetoll.cafeblog.hu\/author\/sirack1966gmail-com\/","title":"\"Nem kell visszaadni!\"","html":"Gyerekkoromban el\u00e9g kev\u00e9s p\u00e9nzb\u0151l \u00e9lt\u00fcnk, de any\u00e1m mindig j\u00f3l gazd\u00e1lkodott vele. N\u00e9ha m\u00e9gis kellett m\u00e9g valamennyi. Ilyenkor any\u00e1m k\u00f6lcs\u00f6nk\u00e9rt a nagyap\u00e1mt\u00f3l, akinek mindig volt egy kis sp\u00f3rolt p\u00e9nze. Adott is k\u00f6lcs\u00f6n. Telt-m\u00falt az id\u0151, \u00e9s egyszer csak nagyap\u00e1m k\u00f6z\u00f6lte any\u00e1mmal: \"nem kell \u00e1m visszaadni!\".\r\n\r\nArra gondolok, hogy vajon mi lenne, ha azok, akik k\u00f6lcs\u00f6nadtak a vil\u00e1g orsz\u00e1gainak, az embereknek, \u00fagy d\u00f6nten\u00e9nek, hogy \"nem kell \u00e1m visszadni\"?\r\n\r\nNagyap\u00e1m nem halt ett\u0151l \u00e9hen. Val\u00f3sz\u00edn\u0171leg \u0151k sem haln\u00e1nak...hiszen most n\u00e1lunk van a p\u00e9nz\u00fck, \u00e9s m\u00e9gis \u00e9lnek.\r\n\r\n<a href=\"https:\/\/feketetoll.cafeblog.hu\/files\/2014\/02\/IMG_77051880889990.jpeg\"><img class=\"aligncenter size-full wp-image-1158\" alt=\"IMG_77051880889990\" src=\"https:\/\/feketetoll.cafeblog.hu\/files\/2014\/02\/IMG_77051880889990.jpeg\" width=\"320\" height=\"239\" \/><\/a>","type":"rich","thumbnail_url":"https:\/\/feketetoll.cafeblog.hu\/files\/2013\/09\/IMG_309943487426782-150x150.jpeg","thumbnail_width":150,"thumbnail_height":150}

Az Ébredő Fények Temploma

Szabó Károly

Gyerekkoromban elég kevés pénzből éltünk, de anyám mindig jól gazdálkodott vele. Néha mégis kellett még valamennyi. Ilyenkor anyám kölcsönkért a nagyapámtól, akinek mindig volt egy kis spórolt pénze. Adott is kölcsön. Telt-múlt az idő, és egyszer csak nagyapám közölte anyámmal: "nem kell ám visszaadni!".

Arra gondolok, hogy vajon mi lenne, ha azok, akik kölcsönadtak a világ országainak, az embereknek, úgy döntenének, hogy "nem kell ám visszadni"?

Nagyapám nem halt ettől éhen. Valószínűleg ők sem halnának...hiszen most nálunk van a pénzük, és mégis élnek.

<a href="https://feketetoll.cafeblog.hu/files/2014/02/IMG_77051880889990.jpeg"><img class="aligncenter size-full wp-image-1158" alt="IMG_77051880889990" src="https://feketetoll.cafeblog.hu/files/2014/02/IMG_77051880889990.jpeg" width="320" height="239" /></a>
