{"version":"1.0","provider_name":"Az \u00c9bred\u0151 F\u00e9nyek Temploma","provider_url":"https:\/\/feketetoll.cafeblog.hu","author_name":"Szab\u00f3 K\u00e1roly","author_url":"https:\/\/feketetoll.cafeblog.hu\/author\/sirack1966gmail-com\/","title":"Napi gondolat - 2014.08.04.","html":"A nem k\u00e9rt seg\u00edts\u00e9g val\u00f3di neve: er\u0151szak!\r\n\r\n&nbsp;\r\n\r\n<a href=\"https:\/\/feketetoll.cafeblog.hu\/files\/2014\/05\/78578831.jpg\"><img class=\"aligncenter size-large wp-image-1697\" src=\"https:\/\/feketetoll.cafeblog.hu\/files\/2014\/05\/78578831-600x450.jpg\" alt=\"78578831\" width=\"600\" height=\"450\" \/><\/a>","type":"rich","thumbnail_url":"https:\/\/feketetoll.cafeblog.hu\/files\/2014\/05\/78578831-150x150.jpg","thumbnail_width":150,"thumbnail_height":150}

Az Ébredő Fények Temploma

Szabó Károly

A nem kért segítség valódi neve: erőszak!

&nbsp;

<a href="https://feketetoll.cafeblog.hu/files/2014/05/78578831.jpg"><img class="aligncenter size-large wp-image-1697" src="https://feketetoll.cafeblog.hu/files/2014/05/78578831-600x450.jpg" alt="78578831" width="600" height="450" /></a>
