{"version":"1.0","provider_name":"Az \u00c9bred\u0151 F\u00e9nyek Temploma","provider_url":"https:\/\/feketetoll.cafeblog.hu","author_name":"Szab\u00f3 K\u00e1roly","author_url":"https:\/\/feketetoll.cafeblog.hu\/author\/sirack1966gmail-com\/","title":"Gyertyal\u00e1ng","html":"&nbsp;\r\n\r\nIstenem, \u00e9n m\u00e1r nem szeretn\u00e9k\u00a0senki \u00e9s semmi sem lenni.\r\n\r\n&nbsp;\r\n\r\nTal\u00e1n csak...\r\n\r\nTal\u00e1n csak egym\u00e1shoz b\u00faj\u00f3 p\u00e1rokat cs\u00f3kol\u00f3, ak\u00e1cvir\u00e1gr\u00f3l suttog\u00f3 \u00a0sz\u00e9l...\r\n\r\nTal\u00e1n csak \u00a0t\u00f3parti t\u00e1bort\u0171znek alig l\u00e9legz\u0151, \u00a0par\u00e1zs-szikra-f\u00e9nye...\r\n\r\nTal\u00e1n csak r\u00e9g elfelejtett, n\u00e9ma templomokban finoman l\u00fcktet\u0151 er\u0151...\r\n\r\nTal\u00e1n csak f\u00e9lszegen imbolyg\u00f3 gyertyal\u00e1ng egy mag\u00e1nyos kunyh\u00f3 gyantaillat\u00e1ban...\r\n\r\n&nbsp;\r\n\r\nIgen, csak ennyi. Gyertyal\u00e1ng.\r\n\r\n&nbsp;\r\n\r\n&nbsp;\r\n\r\n<a href=\"https:\/\/feketetoll.cafeblog.hu\/files\/2014\/02\/candles-1-1.gif\"><img class=\"aligncenter size-full wp-image-736\" src=\"https:\/\/feketetoll.cafeblog.hu\/files\/2014\/02\/candles-1-1.gif\" alt=\"candles-1-1\" width=\"315\" height=\"350\" \/><\/a>\r\n\r\n&nbsp;","type":"rich","thumbnail_url":"https:\/\/feketetoll.cafeblog.hu\/files\/2014\/09\/\u00e1lomh\u00e1z-150x150.jpg","thumbnail_width":150,"thumbnail_height":150}

Az Ébredő Fények Temploma

Szabó Károly

Gyertyaláng

&nbsp;

Istenem, én már nem szeretnék senki és semmi sem lenni.

&nbsp;

Talán csak...

Talán csak egymáshoz bújó párokat csókoló, akácvirágról suttogó  szél...

Talán csak  tóparti tábortűznek alig lélegző,  parázs-szikra-fénye...

Talán csak rég elfelejtett, néma templomokban finoman lüktető erő...

Talán csak félszegen imbolygó gyertyaláng egy magányos kunyhó gyantaillatában...

&nbsp;

Igen, csak ennyi. Gyertyaláng.

&nbsp;

&nbsp;

<a href="https://feketetoll.cafeblog.hu/files/2014/02/candles-1-1.gif"><img class="aligncenter size-full wp-image-736" src="https://feketetoll.cafeblog.hu/files/2014/02/candles-1-1.gif" alt="candles-1-1" width="315" height="350" /></a>

&nbsp;

https://feketetoll.cafeblog.hu/files/2014/09/álomház-150x150.jpg
