{"version":"1.0","provider_name":"Az \u00c9bred\u0151 F\u00e9nyek Temploma","provider_url":"https:\/\/feketetoll.cafeblog.hu","author_name":"Szab\u00f3 K\u00e1roly","author_url":"https:\/\/feketetoll.cafeblog.hu\/author\/sirack1966gmail-com\/","title":"Igazs\u00e1g","html":"<p>Az Igazs\u00e1g ma reggel is a telefon jelz\u00e9s\u00e9re \u00e9bredt.<\/p>\r\n<p>Lassan kim\u00e1szott az \u00e1gyb\u00f3l, f\u0151z\u00f6tt egy k\u00e1v\u00e9t, fel\u00f6lt\u00f6z\u00f6tt, kifestette mag\u00e1t.<\/p>\r\n<p>K\u00f6zben besz\u00f3lt az Igazs\u00e1g szob\u00e1j\u00e1ba:<\/p>\r\n<p>- \u00d6lt\u00f6zz gyorsan kisfiam, mert elk\u00e9s\u00fcnk!<\/p>\r\n<p>T\u00edz perc m\u00falva m\u00e1r robogtak lefel\u00e9 a l\u00e9pcs\u0151n. Majdnem fel is l\u00f6kt\u00e9k a szomsz\u00e9d Igazs\u00e1got, aki \u00e9ppen n\u00e9gyl\u00e1b\u00fa Igazs\u00e1g\u00e1t vitte s\u00e9t\u00e1lni az utc\u00e1ra...<\/p>\r\n<p>A buszmeg\u00e1ll\u00f3 term\u00e9szetesen tele volt Igazs\u00e1gokkal. M\u00e9g \u00f6t perc volt h\u00e1tra a busz \u00e9rkez\u00e9s\u00e9ig.<\/p>\r\n<p>Igazs\u00e1g meg\u00e1llt az \u00fajs\u00e1gosb\u00f3d\u00e9n\u00e1l, \u00e9s besz\u00f3lt a bent b\u00f3biskol\u00f3 Igazs\u00e1gnak:<\/p>\r\n<p>- K\u00e9rek egy \u00a0Igazs\u00e1got!<\/p>\r\n<p>Az Igazs\u00e1g kinyitotta f\u00e9l szem\u00e9t, v\u00e9gigm\u00e9rte az Igazs\u00e1got, majd egyetlen sz\u00f3t pr\u00e9selt ki fogai k\u00f6z\u00f6tt:<\/p>\r\n<p>- Nincs!<\/p>\r\n<p>Az Igazs\u00e1g \u00a0valami cs\u00fany\u00e1t akart mondani, de a b\u00f3d\u00e9ban \u00fcl\u0151 \u00a0\u00e1tmutatott az \u00fat t\u00fals\u00f3 oldal\u00e1ra, \u00e9s \u00a0viszonylag kedvesen hozz\u00e1tette:<\/p>\r\n<p>- De lehet, hogy oda\u00e1t van!<\/p>\r\n<p>&nbsp;<\/p>\r\n<p><a href=\"https:\/\/feketetoll.cafeblog.hu\/files\/2015\/04\/micimacko-adhd.gif\"><img class=\"aligncenter size-full wp-image-2359\" src=\"https:\/\/feketetoll.cafeblog.hu\/files\/2015\/04\/micimacko-adhd.gif\" alt=\"micimacko-adhd\" width=\"437\" height=\"517\" \/><\/a><\/p>","type":"rich","thumbnail_url":"https:\/\/feketetoll.cafeblog.hu\/files\/2015\/04\/micimacko-150x150.jpg","thumbnail_width":150,"thumbnail_height":150}

Az Ébredő Fények Temploma

Szabó Károly

Igazság

<p>Az Igazság ma reggel is a telefon jelzésére ébredt.</p>
<p>Lassan kimászott az ágyból, főzött egy kávét, felöltözött, kifestette magát.</p>
<p>Közben beszólt az Igazság szobájába:</p>
<p>- Öltözz gyorsan kisfiam, mert elkésünk!</p>
<p>Tíz perc múlva már robogtak lefelé a lépcsőn. Majdnem fel is lökték a szomszéd Igazságot, aki éppen négylábú Igazságát vitte sétálni az utcára...</p>
<p>A buszmegálló természetesen tele volt Igazságokkal. Még öt perc volt hátra a busz érkezéséig.</p>
<p>Igazság megállt az újságosbódénál, és beszólt a bent bóbiskoló Igazságnak:</p>
<p>- Kérek egy  Igazságot!</p>
<p>Az Igazság kinyitotta fél szemét, végigmérte az Igazságot, majd egyetlen szót préselt ki fogai között:</p>
<p>- Nincs!</p>
<p>Az Igazság  valami csúnyát akart mondani, de a bódéban ülő  átmutatott az út túlsó oldalára, és  viszonylag kedvesen hozzátette:</p>
<p>- De lehet, hogy odaát van!</p>
<p>&nbsp;</p>
<p><a href="https://feketetoll.cafeblog.hu/files/2015/04/micimacko-adhd.gif"><img class="aligncenter size-full wp-image-2359" src="https://feketetoll.cafeblog.hu/files/2015/04/micimacko-adhd.gif" alt="micimacko-adhd" width="437" height="517" /></a></p>
