{"version":"1.0","provider_name":"Az \u00c9bred\u0151 F\u00e9nyek Temploma","provider_url":"https:\/\/feketetoll.cafeblog.hu","author_name":"Szab\u00f3 K\u00e1roly","author_url":"https:\/\/feketetoll.cafeblog.hu\/author\/sirack1966gmail-com\/","title":"Legy\u00e9l rossz!","html":"<blockquote>\r\n<p>Egyszer r\u00e9ges-r\u00e9gen, tal\u00e1n h\u00fasz \u00e9v is eltelt m\u00e1r az\u00f3ta, \u00e1lltunk a f\u00fcredi f\u00f6ldhivatal el\u0151tt a nejemmel \u00e9s a l\u00e1nyommal, aki akkor m\u00e9g \u00e9pp csak kil\u00e1tszott a f\u00f6ldb\u0151l. <br \/>Nagyon hossz\u00fa volt a sor, \u00fagy t\u0171nt \u00f3r\u00e1kat kell v\u00e1rnunk. Az \u00e9n l\u00e1nyom szaladg\u00e1lt erre, szaladg\u00e1lt arra, azt\u00e1n egyszer csak beszaladt az \u00e9p\u00fcletbe. Hagytuk, gondoltuk, hogy j\u00f3 helyen van ott. <br \/>Telt-m\u00falt az id\u0151, egyszer csak j\u00f6tt \u00e1m kifel\u00e9 egy dolgoz\u00f3 h\u00f6lgy, fogta a l\u00e1nyom kez\u00e9t, \u00e9s m\u00e9rges volt. <br \/>- Ki\u00e9 ez a gyerek? - k\u00e9rdezte. <br \/>- A mi\u00e9nk. . . - v\u00e1llaltuk fel a sorsunkat a nejemmel kiss\u00e9 megszeppenve. <br \/>- Na, j\u00f6jjenek be gyorsan!<br \/>Bement\u00fcnk, \u00f6t perc alatt elint\u00e9z\u0151d\u00f6tt az \u00fcgy\u00fcnk, \u00e9s m\u00e1r j\u00f6tt\u00fcnk is kifel\u00e9. <br \/>Ahogy elhaladtunk a t\u00f6bbm\u00e9teres sor mellett, valaki megsz\u00f3lalt:<br \/>- \u00c9n is gyerekkel vagyok!<br \/>Erre \u00e9n kih\u00faztam magam, \u00e9s b\u00fcszk\u00e9n v\u00e1laszoltam:<br \/>- Igen, de az nem volt rossz!<\/p>\r\n<p><a href=\"https:\/\/feketetoll.cafeblog.hu\/files\/2015\/04\/micimacko-adhd.gif\"><img class=\"aligncenter size-full wp-image-2359\" src=\"https:\/\/feketetoll.cafeblog.hu\/files\/2015\/04\/micimacko-adhd.gif\" alt=\"\" width=\"437\" height=\"517\" \/><\/a><\/p>\r\n<\/blockquote>","type":"rich","thumbnail_url":"https:\/\/feketetoll.cafeblog.hu\/files\/2015\/04\/micimacko-adhd-150x150.gif","thumbnail_width":150,"thumbnail_height":150}

Az Ébredő Fények Temploma

Szabó Károly

Legyél rossz!

<blockquote>
<p>Egyszer réges-régen, talán húsz év is eltelt már azóta, álltunk a füredi földhivatal előtt a nejemmel és a lányommal, aki akkor még épp csak kilátszott a földből. <br />Nagyon hosszú volt a sor, úgy tűnt órákat kell várnunk. Az én lányom szaladgált erre, szaladgált arra, aztán egyszer csak beszaladt az épületbe. Hagytuk, gondoltuk, hogy jó helyen van ott. <br />Telt-múlt az idő, egyszer csak jött ám kifelé egy dolgozó hölgy, fogta a lányom kezét, és mérges volt. <br />- Kié ez a gyerek? - kérdezte. <br />- A miénk. . . - vállaltuk fel a sorsunkat a nejemmel kissé megszeppenve. <br />- Na, jöjjenek be gyorsan!<br />Bementünk, öt perc alatt elintéződött az ügyünk, és már jöttünk is kifelé. <br />Ahogy elhaladtunk a többméteres sor mellett, valaki megszólalt:<br />- Én is gyerekkel vagyok!<br />Erre én kihúztam magam, és büszkén válaszoltam:<br />- Igen, de az nem volt rossz!</p>
<p><a href="https://feketetoll.cafeblog.hu/files/2015/04/micimacko-adhd.gif"><img class="aligncenter size-full wp-image-2359" src="https://feketetoll.cafeblog.hu/files/2015/04/micimacko-adhd.gif" alt="" width="437" height="517" /></a></p>
</blockquote>
